{"id":174,"date":"2022-03-04T13:37:07","date_gmt":"2022-03-04T11:37:07","guid":{"rendered":"https:\/\/seitseoravat.ee\/?page_id=174"},"modified":"2022-03-04T15:34:45","modified_gmt":"2022-03-04T13:34:45","slug":"privaatsuspoliitika","status":"publish","type":"page","link":"https:\/\/seitseoravat.ee\/index.php\/privaatsuspoliitika\/","title":{"rendered":"Privaatsuspoliitika"},"content":{"rendered":"\n<h2 class=\"has-white-background-color has-background has-extra-large-font-size wp-block-heading\">Kes me oleme<\/h2>\n\n\n\n<p class=\"has-white-background-color has-background\"><strong class=\"privacy-policy-tutorial\">Meie kodulehe aadress on <a href=\"https:\/\/seitseoravat.ee\">https:\/\/seitseoravat.ee<\/a><\/strong><\/p>\n\n\n\n<h2 class=\"has-white-background-color has-background has-extra-large-font-size wp-block-heading\">K\u00fcpsised<\/h2>\n\n\n\n<p class=\"has-white-background-color has-background\">Veebilehte k\u00fclastades salvestatakse arvutisse k\u00fcpsised. <\/p>\n\n\n\n<h2 class=\"has-white-background-color has-background has-extra-large-font-size wp-block-heading\">\u00d5igused andmete \u00fcle<\/h2>\n\n\n\n<p class=\"has-white-background-color has-background\">K\u00fclastajal on v\u00f5imalus paluda oma andmete kustutamist. See ei h\u00f5lma andmeid, mis on vajalikud administratiivseteks, \u00f5iguslikeks v\u00f5i turvalisuse tagamise eesm\u00e4rgil kogutavaid andmeid. <\/p>\n\n\n\n<h2 class=\"has-white-background-color has-background has-extra-large-font-size wp-block-heading\">Andmete kogumine<\/h2>\n\n\n\n<p class=\"has-white-background-color has-background\">E-kirja teel kontakteerumist v\u00f5ib kontrollida automaatne r\u00e4mpskirjade teenus.<\/p>\n","protected":false},"excerpt":{"rendered":"<p>Kes me oleme Meie kodulehe aadress on https:\/\/seitseoravat.ee K\u00fcpsised Veebilehte k\u00fclastades salvestatakse arvutisse k\u00fcpsised. \u00d5igused andmete \u00fcle K\u00fclastajal on v\u00f5imalus paluda oma andmete kustutamist. See ei h\u00f5lma andmeid, mis on vajalikud administratiivseteks, \u00f5iguslikeks v\u00f5i turvalisuse tagamise eesm\u00e4rgil kogutavaid andmeid. Andmete kogumine E-kirja teel kontakteerumist v\u00f5ib kontrollida automaatne r\u00e4mpskirjade teenus.<\/p>\n","protected":false},"author":1,"featured_media":0,"parent":0,"menu_order":0,"comment_status":"closed","ping_status":"closed","template":"","meta":{"footnotes":""},"class_list":["post-174","page","type-page","status-publish","hentry","entry"],"_links":{"self":[{"href":"https:\/\/seitseoravat.ee\/index.php\/wp-json\/wp\/v2\/pages\/174","targetHints":{"allow":["GET"]}}],"collection":[{"href":"https:\/\/seitseoravat.ee\/index.php\/wp-json\/wp\/v2\/pages"}],"about":[{"href":"https:\/\/seitseoravat.ee\/index.php\/wp-json\/wp\/v2\/types\/page"}],"author":[{"embeddable":true,"href":"https:\/\/seitseoravat.ee\/index.php\/wp-json\/wp\/v2\/users\/1"}],"replies":[{"embeddable":true,"href":"https:\/\/seitseoravat.ee\/index.php\/wp-json\/wp\/v2\/comments?post=174"}],"version-history":[{"count":4,"href":"https:\/\/seitseoravat.ee\/index.php\/wp-json\/wp\/v2\/pages\/174\/revisions"}],"predecessor-version":[{"id":207,"href":"https:\/\/seitseoravat.ee\/index.php\/wp-json\/wp\/v2\/pages\/174\/revisions\/207"}],"wp:attachment":[{"href":"https:\/\/seitseoravat.ee\/index.php\/wp-json\/wp\/v2\/media?parent=174"}],"curies":[{"name":"wp","href":"https:\/\/api.w.org\/{rel}","templated":true}]}}